 is divided by 62?
55
What is the remainder when 1520 is divided by 297?
35
What is the remainder when 63 is divided by 45?
18
Calculate the remainder when 938 is divided by 20.
18
What is the remainder when 96 is divided by 50?
46
Calculate the remainder when 275 is divided by 40.
35
What is the remainder when 2781 is divided by 32?
29
What is the remainder when 7017 is divided by 195?
192
What is the remainder when 256 is divided by 9?
4
What is the remainder when 533 is divided by 173?
14
What is the remainder when 773 is divided by 25?
23
Calculate the remainder when 35 is divided by 20.
15
Calculate the remainder when 14755 is divided by 94.
91
Calculate the remainder when 2787 is divided by 62.
59
Calculate the remainder when 867 is divided by 71.
15
Calculate the remainder when 4315 is divided by 110.
25
Calculate the remainder when 312 is divided by 101.
9
What is the remainder when 7759 is divided by 20?
19
Calculate the remainder when 1315 is divided by 11.
6
What is the remainder when 219 is divided by 22?
21
Calculate the remainder when 393 is divided by 39.
3
What is the remainder when 475 is divided by 53?
51
What is the remainder when 6681 is divided by 28?
17
What is the remainder when 91 is divided by 31?
29
What is the remainder when 126 is divided by 64?
62
What is the remainder when 49 is divided by 11?
5
Calculate the remainder when 4379 is divided by 6.
5
What is the remainder when 394 is divided by 57?
52
What is the remainder when 1985 is divided by 142?
139
What is the remainder when 1220 is divided by 24?
20
Calculate the remainder when 201 is divided by 21.
12
What is the remainder when 39 is divided by 10?
9
Calculate the remainder when 1482 is divided by 70.
12
What is the remainder when 149 is divided by 17?
13
What is the remainder when 30 is divided by 24?
6
What is the remainder when 4771 is divided by 25?
21
What is the remainder when 158 is divided by 7?
4
Calculate the remainder when 75 is divided by 13.
10
Calculate the remainder when 127 is divided by 64.
63
Calculate the remainder when 497 is divided by 83.
82
What is the remainder when 66 is divided by 25?
16
Calculate the remainder when 318 is divided by 180.
138
What is the remainder when 595 is divided by 329?
266
Calculate the remainder when 1559 is divided by 46.
41
What is the remainder when 1515 is divided by 38?
33
What is the remainder when 384 is divided by 39?
33
What is the remainder when 37 is divided by 11?
4
Calculate the remainder when 33 is divided by 6.
3
What is the remainder when 1445 is divided by 130?
15
What is the remainder when 240 is divided by 82?
76
Calculate the remainder when 1160 is divided by 14.
12
What is the remainder when 1682 is divided by 10?
2
Calculate the remainder when 473 is divided by 73.
35
Calculate the remainder when 35 is divided by 34.
1
What is the remainder when 1082 is divided by 217?
214
Calculate the remainder when 1098 is divided by 64.
10
What is the remainder when 2100 is divided by 191?
190
What is the remainder when 6423 is divided by 17?
14
What is the remainder when 93 is divided by 11?
5
What is the remainder when 220 is divided by 89?
42
What is the remainder when 1063 is divided by 71?
69
What is the remainder when 48812 is divided by 13?
10
What is the remainder when 58 is divided by 18?
4
What is the remainder when 134 is divided by 35?
29
Calculate the remainder when 376 is divided by 328.
48
Calculate the remainder when 702 is divided by 298.
106
Calculate the remainder when 179 is divided by 36.
35
What is the remainder when 173 is divided by 153?
20
Calculate the remainder when 264 is divided by 71.
51
Calculate the remainder when 447 is divided by 64.
63
What is the remainder when 6204 is divided by 3100?
4
Calculate the remainder when 839 is divided by 315.
209
What is the remainder when 3687 is divided by 30?
27
What is the remainder when 21 is divided by 16?
5
Calculate the remainder when 99 is divided by 4.
3
What is the remainder when 45 is divided by 23?
22
Calculate the remainder when 88 is divided by 76.
12
What is the remainder when 1167 is divided by 78?
75
What is the remainder when 729 is divided by 354?
21
Calculate the remainder when 241 is divided by 77.
10
Calculate the remainder when 104 is divided by 6.
2
Calculate the remainder when 5320 is divided by 17.
16
What is the remainder when 1231 is divided by 19?
15
Calculate the remainder when 3724 is divided by 113.
108
What is the remainder when 260 is divided by 114?
32
What is the remainder when 165 is divided by 83?
82
Calculate the remainder when 869 is divided by 26.
11
Calculate the remainder when 28 is divided by 10.
8
Calculate the remainder when 337 is divided by 38.
33
What is the remainder when 59 is divided by 17?
8
What is the remainder when 2604 is divided by 38?
20
What is the remainder when 1928 is divided by 334?
258
What is the remainder when 401 is divided by 31?
29
What is the remainder when 543 is divided by 7?
4
Calculate the remainder when 200 is divided by 17.
13
Calculate the remainder when 387 is divided by 30.
27
What is the remainder when 8 is divided by 2?
0
Calculate the remainder when 46 is divided by 21.
4
What is the remainder when 7543 is divided by 184?
183
Calculate the remainder when 7259 is divided by 22.
21
Calculate the remainder when 235 is divided by 190.
45
What is the remainder when 335 is divided by 3?
2
What is the remainder when 16371 is divided by 89?
84
Calculate the remainder when 16491 is divided by 38.
37
What is the remainder when 1319 is divided by 27?
23
What is the remainder when 204 is divided by 55?
39
What is the remainder when 448 is divided by 121?
85
What is the remainder when 1719 is divided by 20?
19
What is the remainder when 169 is divided by 59?
51
Calculate the remainder when 7037 is divided by 10.
7
What is the remainder when 328 is divided by 40?
8
Calculate the remainder when 295 is divided by 36.
7
What is the remainder when 255 is divided by 27?
12
What is the remainder when 1564 is divided by 309?
19
Calculate the remainder when 343 is divided by 138.
67
Calculate the remainder when 184 is divided by 9.
4
Calculate the remainder when 2459 is divided by 22.
17
Calculate the remainder when 150 is divided by 25.
0
Calculate the remainder when 474 is divided by 96.
90
What is the remainder when 210 is divided by 80?
50
What is the remainder when 725 is divided by 6?
5
What is the remainder when 1379 is divided by 20?
19
What is the remainder when 292 is divided by 12?
4
What is the remainder when 801 is divided by 165?
141
Calculate the remainder when 165 is divided by 29.
20
Calculate the remainder when 212 is divided by 106.
0
What is the remainder when 199 is divided by 71?
57
Calculate the remainder when 17 is divided by 6.
5
What is the remainder when 875 is divided by 217?
7
Calculate the remainder when 410 is divided by 21.
11
Calculate the remainder when 9067 is divided by 3021.
4
Calculate the remainder when 345 is divided by 6.
3
What is the remainder when 2597 is divided by 104?
101
What is the remainder when 568 is divided by 22?
18
Calculate the remainder when 50 is divided by 18.
14
What is the remainder when 1014 is divided by 149?
120
Calculate the remainder when 370 is divided by 78.
58
What is the remainder when 724 is divided by 105?
94
What is the remainder when 1710 is divided by 107?
105
What is the remainder when 359 is divided by 15?
14
What is the remainder when 162 is divided by 8?
2
Calculate the remainder when 4052 is divided by 12.
8
What is the remainder when 1719 is divided by 31?
14
What is the remainder when 102825 is divided by 246?
243
Calculate the remainder when 130 is divided by 48.
34
Calculate the remainder when 67 is divided by 14.
11
Calculate the remainder when 5534 is divided by 346.
344
Calculate the remainder when 2003 is divided by 34.
31
Calculate the remainder when 1336 is divided by 21.
13
Calculate the remainder when 193 is divided by 15.
13
Calculate the remainder when 32489 is divided by 90.
89
What is the remainder when 79 is divided by 33?
13
Calculate the remainder when 170 is divided by 85.
0
Calculate the remainder when 67 is divided by 12.
7
Calculate the remainder when 394 is divided by